{"id":1383,"date":"2021-03-31T09:37:26","date_gmt":"2021-03-31T07:37:26","guid":{"rendered":"https:\/\/zsp4.malbork.pl\/wordpress\/?page_id=1383"},"modified":"2026-02-03T15:05:20","modified_gmt":"2026-02-03T14:05:20","slug":"nasze-kierunki-liceum-ogolnoksztalcace","status":"publish","type":"page","link":"https:\/\/zstmalbork.pl\/wordpress\/rekrutacja-2021\/nasze-kierunki-liceum-ogolnoksztalcace\/","title":{"rendered":"Nasze kierunki &#8211; IV Liceum og\u00f3lnokszta\u0142c\u0105ce"},"content":{"rendered":"\n<figure class=\"wp-block-image size-full\"><img fetchpriority=\"high\" decoding=\"async\" width=\"1136\" height=\"693\" src=\"https:\/\/zstmalbork.pl\/wordpress\/wp-content\/uploads\/2026\/02\/image-3.png\" alt=\"\" class=\"wp-image-9094\"\/><\/figure>\n\n\n\n<h2 class=\"wp-block-heading\">Odzia\u0142 wojskowy &#8211; OPW<\/h2>\n\n\n\n<figure class=\"wp-block-image size-large\"><img decoding=\"async\" width=\"1000\" height=\"667\" src=\"https:\/\/zstmalbork.pl\/wordpress\/wp-content\/uploads\/2021\/03\/IMG_4258-1000x667.jpg\" alt=\"\" class=\"wp-image-1352\" srcset=\"https:\/\/zstmalbork.pl\/wordpress\/wp-content\/uploads\/2021\/03\/IMG_4258-1000x667.jpg 1000w, https:\/\/zstmalbork.pl\/wordpress\/wp-content\/uploads\/2021\/03\/IMG_4258-400x267.jpg 400w, https:\/\/zstmalbork.pl\/wordpress\/wp-content\/uploads\/2021\/03\/IMG_4258-768x512.jpg 768w, https:\/\/zstmalbork.pl\/wordpress\/wp-content\/uploads\/2021\/03\/IMG_4258-1536x1024.jpg 1536w, https:\/\/zstmalbork.pl\/wordpress\/wp-content\/uploads\/2021\/03\/IMG_4258-2048x1365.jpg 2048w\" sizes=\"(max-width: 1000px) 100vw, 1000px\" \/><\/figure>\n\n\n\n<p>Jeste\u015bmy jedyn\u0105 szko\u0142\u0105 w powiecie, kt\u00f3ra uzyska\u0142a certyfikat Ministerstwa Obrony Narodowej na prowadzenie klas wojskowych. Klasa przeznaczona jest dla uczni\u00f3w ceni\u0105cych dyscyplin\u0119, sprawno\u015b\u0107 fizyczn\u0105 i&nbsp;planuj\u0105cych zwi\u0105za\u0107 swoje doros\u0142e \u017cycie zawodowe ze s\u0142u\u017cb\u0105 wojskow\u0105.<br><\/p>\n\n\n\n<p>1. uczniowie otrzymuj\u0105 certyfikat MON stwierdzaj\u0105cy nabycie wiedzy teoretycznej i praktycznej w zakresie edukacji wojskowej,<br>2. absolwenci mog\u0105 kontynuowa\u0107 nauk\u0119 na uczelniach wy\u017cszych cywilnych i wojskowych.<br><\/p>\n\n\n\n<p>Szko\u0142a wsp\u00f3\u0142pracuje z&nbsp;22. Baz\u0105 Lotnictwa Taktycznego w&nbsp;Malborku, Podoficersk\u0105 Szko\u0142\u0105 Marynarki Wojennej w&nbsp;Ustce, Wojskow\u0105 Komend\u0105 Uzupe\u0142nie\u0144 w&nbsp;Malborku, Komend\u0105 Powiatowej Pa\u0144stwowej Stra\u017cy Po\u017carnej w&nbsp;Malborku. Zaj\u0119cia specjalistyczne prowadzone s\u0105 przez kadr\u0119 w\/w&nbsp;jednostek oraz naszych nauczycieli oficer\u00f3w rezerwy Wojska Polskiego.<br><\/p>\n\n\n\n<p>Uczniowie uczestnicz\u0105 w&nbsp;5-dniowym obozie organizowanym przez Szko\u0142\u0119 Podoficersk\u0105 Marynarki Wojennej w&nbsp;Ustce, gdzie prowadzone s\u0105 zaj\u0119cia specjalistyczne mi\u0119dzy innymi na trena\u017cerze strzeleckim pola walki &#8222;\u015anie\u017cnik&#8221;, na poligonie &#8211; trening przetrwania w&nbsp;warunkach bojowych, na trena\u017cerze mostek kapita\u0144ski okr\u0119tu, na si\u0142owni okr\u0119towej, na basenie \u0107wiczenia z&nbsp;technik ratownictwa morskiego i&nbsp;prze\u017cycia na morzu, w&nbsp;pracowni medycznej z&nbsp;udzielania pierwszej pomocy medycznej w&nbsp;warunkach bojowych oraz w&nbsp;5-dniowym obozie organizowanym przez 22 BLT w&nbsp;Malborku. Obejmuj\u0105 one doskonalenie umiej\u0119tno\u015bci: strzelania z&nbsp;broni palnej, pos\u0142ugiwania si\u0119 wybranymi technikami walki wr\u0119cz, z zaj\u0119\u0107 surviwalowych, z&nbsp;zakresu \u0142\u0105czno\u015bci oraz&nbsp;musztr\u0119 wojskow\u0105.<\/p>\n\n\n\n<p><strong>Co dalej&#8230;<\/strong><\/p>\n\n\n\n<p>Nasi przyszli absolwenci bior\u0105cy udzia\u0142 w programie b\u0119d\u0105 mogli po zako\u0144czeniu nauki przej\u015b\u0107 kilkutygodniowe szkolenie poligonowe zako\u0144czone przysi\u0119g\u0105 wojskow\u0105 oraz przeniesieniem do rezerwy. B\u0119d\u0105 mieli r\u00f3wnie\u017c pierwsze\u0144stwo w ubieganiu si\u0119 o&nbsp;przyj\u0119cie do zawodowej s\u0142u\u017cby wojskowej, jak&nbsp;r\u00f3wnie\u017c do Wojsk Obrony Terytorialnej.<br>Absolwenci, kt\u00f3rzy b\u0119d\u0105 chcieli kontynuowa\u0107 nauk\u0119 na wy\u017cszych uczelniach wojskowych b\u0119d\u0105 mogli liczy\u0107 na dodatkowe punkty w trakcie egzamin\u00f3w kwalifikacyjnych.<\/p>\n\n\n\n<h2 class=\"wp-block-heading\">Klasa mundurowa<\/h2>\n\n\n\n<p>Uczniowie klasy mundurowej poznaj\u0105 specyfik\u0119 s\u0142u\u017cby w jednostkach podleg\u0142ych Ministerstwu Spraw Wewn\u0119trznych i Administracji. W cyklu kszta\u0142cenia zdobywaj\u0105 wiedz\u0119 z zakresu prawa i przepis\u00f3w reguluj\u0105cych prac\u0119 policjanta, stra\u017cnika granicznego, stra\u017caka. Ucz\u0105 si\u0119 dyscypliny, doskonal\u0105 swoje umiej\u0119tno\u015bci w ramach organizowanych \u0107wicze\u0144 i szkole\u0144, podnosz\u0105 swoje umiej\u0119tno\u015bci z zakresu sprawno\u015bci fizycznej. W ramach kszta\u0142cenia uczestnicz\u0105 w zaj\u0119ciach na strzelnicy.<\/p>\n\n\n\n<p><strong>Co dalej&#8230;<\/strong><\/p>\n\n\n\n<p>Przyszli absolwenci tego kierunku mog\u0105 kontynuowa\u0107 kszta\u0142cenie w wy\u017cszych szko\u0142ach policyjnych, oficerskich, po\u017carniczych. Mog\u0105 r\u00f3wnie\u017c ubiega\u0107 si\u0119 o stanowiska w odpowiednich jednostkach podleg\u0142ych MSWiA.<\/p>\n","protected":false},"excerpt":{"rendered":"<p>Odzia\u0142 wojskowy &#8211; OPW Jeste\u015bmy jedyn\u0105 szko\u0142\u0105 w powiecie, kt\u00f3ra uzyska\u0142a certyfikat Ministerstwa Obrony Narodowej na prowadzenie klas<\/p>\n","protected":false},"author":1,"featured_media":0,"parent":61,"menu_order":2,"comment_status":"closed","ping_status":"closed","template":"","meta":{"footnotes":""},"class_list":["post-1383","page","type-page","status-publish","hentry"],"_links":{"self":[{"href":"https:\/\/zstmalbork.pl\/wordpress\/wp-json\/wp\/v2\/pages\/1383","targetHints":{"allow":["GET"]}}],"collection":[{"href":"https:\/\/zstmalbork.pl\/wordpress\/wp-json\/wp\/v2\/pages"}],"about":[{"href":"https:\/\/zstmalbork.pl\/wordpress\/wp-json\/wp\/v2\/types\/page"}],"author":[{"embeddable":true,"href":"https:\/\/zstmalbork.pl\/wordpress\/wp-json\/wp\/v2\/users\/1"}],"replies":[{"embeddable":true,"href":"https:\/\/zstmalbork.pl\/wordpress\/wp-json\/wp\/v2\/comments?post=1383"}],"version-history":[{"count":21,"href":"https:\/\/zstmalbork.pl\/wordpress\/wp-json\/wp\/v2\/pages\/1383\/revisions"}],"predecessor-version":[{"id":9099,"href":"https:\/\/zstmalbork.pl\/wordpress\/wp-json\/wp\/v2\/pages\/1383\/revisions\/9099"}],"up":[{"embeddable":true,"href":"https:\/\/zstmalbork.pl\/wordpress\/wp-json\/wp\/v2\/pages\/61"}],"wp:attachment":[{"href":"https:\/\/zstmalbork.pl\/wordpress\/wp-json\/wp\/v2\/media?parent=1383"}],"curies":[{"name":"wp","href":"https:\/\/api.w.org\/{rel}","templated":true}]}}