{"id":161,"date":"2020-06-18T09:47:28","date_gmt":"2020-06-18T07:47:28","guid":{"rendered":"http:\/\/zsp4.malbork.pl\/wordpress\/?page_id=161"},"modified":"2020-10-23T14:57:51","modified_gmt":"2020-10-23T12:57:51","slug":"internat","status":"publish","type":"page","link":"https:\/\/zstmalbork.pl\/wordpress\/internat\/","title":{"rendered":"Internat"},"content":{"rendered":"\n<p class=\"has-large-font-size\"><strong><span class=\"has-inline-color has-vivid-red-color\">UWAGA KOMUNIKAT!<\/span><\/strong><\/p>\n\n\n\n<p><\/p>\n\n\n\n<p><\/p>\n\n\n\n<p>Od niedzieli 11 pa\u017adziernika 2020 r. na terenie internatu w cz\u0119\u015bciach wsp\u00f3lnych (korytarze, sto\u0142\u00f3wka, \u0142azienki, \u015bwietlica) obowi\u0105zuje nakaz os\u0142ony nosa i ust.<\/p>\n\n\n\n<p><\/p>\n","protected":false},"excerpt":{"rendered":"<p>UWAGA KOMUNIKAT! Od niedzieli 11 pa\u017adziernika 2020 r. na terenie internatu w cz\u0119\u015bciach wsp\u00f3lnych (korytarze, sto\u0142\u00f3wka, \u0142azienki, \u015bwietlica)<\/p>\n","protected":false},"author":1,"featured_media":0,"parent":0,"menu_order":1,"comment_status":"closed","ping_status":"closed","template":"","meta":{"footnotes":""},"class_list":["post-161","page","type-page","status-publish","hentry"],"_links":{"self":[{"href":"https:\/\/zstmalbork.pl\/wordpress\/wp-json\/wp\/v2\/pages\/161","targetHints":{"allow":["GET"]}}],"collection":[{"href":"https:\/\/zstmalbork.pl\/wordpress\/wp-json\/wp\/v2\/pages"}],"about":[{"href":"https:\/\/zstmalbork.pl\/wordpress\/wp-json\/wp\/v2\/types\/page"}],"author":[{"embeddable":true,"href":"https:\/\/zstmalbork.pl\/wordpress\/wp-json\/wp\/v2\/users\/1"}],"replies":[{"embeddable":true,"href":"https:\/\/zstmalbork.pl\/wordpress\/wp-json\/wp\/v2\/comments?post=161"}],"version-history":[{"count":9,"href":"https:\/\/zstmalbork.pl\/wordpress\/wp-json\/wp\/v2\/pages\/161\/revisions"}],"predecessor-version":[{"id":856,"href":"https:\/\/zstmalbork.pl\/wordpress\/wp-json\/wp\/v2\/pages\/161\/revisions\/856"}],"wp:attachment":[{"href":"https:\/\/zstmalbork.pl\/wordpress\/wp-json\/wp\/v2\/media?parent=161"}],"curies":[{"name":"wp","href":"https:\/\/api.w.org\/{rel}","templated":true}]}}

<p class="has-large-font-size"><strong><span class="has-inline-color has-vivid-red-color">UWAGA KOMUNIKAT!</span></strong></p>



<p></p>



<p></p>



<p>Od niedzieli 11 października 2020 r. na terenie internatu w częściach wspólnych (korytarze, stołówka, łazienki, świetlica) obowiązuje nakaz osłony nosa i ust.</p>



<p></p>

<p>UWAGA KOMUNIKAT! Od niedzieli 11 października 2020 r. na terenie internatu w częściach wspólnych (korytarze, stołówka, łazienki, świetlica)</p>
