{"id":240,"date":"2020-06-18T13:11:29","date_gmt":"2020-06-18T11:11:29","guid":{"rendered":"http:\/\/zsp4.malbork.pl\/wordpress\/?page_id=240"},"modified":"2024-07-25T09:17:37","modified_gmt":"2024-07-25T07:17:37","slug":"regulamin-mundurowy","status":"publish","type":"page","link":"https:\/\/zstmalbork.pl\/wordpress\/dla-rodzica-i-ucznia\/regulamin-mundurowy\/","title":{"rendered":"Regulamin stosowania jednolitego stroju ucznia w Zespole Szk\u00f3\u0142 Technicznych w Malborku"},"content":{"rendered":"\n<p>(wraz z za\u0142\u0105cznikami)<\/p>\n\n\n\n<p>\u00a7&nbsp;1<\/p>\n\n\n\n<ol class=\"wp-block-list\">\n<li>Jednolity str\u00f3j szkolny obowi\u0105zuje ka\u017cdego ucznia Zespo\u0142u Szk\u00f3\u0142 Technicznych przez ca\u0142y okres kszta\u0142cenia.<\/li>\n\n\n\n<li>Ilekro\u0107 w regulaminie jest mowa o szkole lub zespole nale\u017cy przez to rozumie\u0107 Zesp\u00f3\u0142 Szk\u00f3\u0142 Technicznych.<\/li>\n\n\n\n<li>Str\u00f3j ucznia zespo\u0142u dzieli si\u0119 na ubi\u00f3r codzienny i&nbsp;galowy.<\/li>\n\n\n\n<li>Str\u00f3j galowy obowi\u0105zuje ka\u017cdego ucznia w dni uroczysto\u015bci pa\u0144stwowych i&nbsp;szkolnych.<\/li>\n\n\n\n<li>W miesi\u0105cach od wrze\u015bnia do pa\u017adziernika i od kwietnia do czerwca obowi\u0105zuje str\u00f3j letni.<\/li>\n\n\n\n<li>Uczni\u00f3w IV Liceum Og\u00f3lnokszta\u0142c\u0105cego obowi\u0105zuj\u0105 odr\u0119bne zasady okre\u015blone w \u00a7 5-7.<\/li>\n<\/ol>\n\n\n\n<p>\u00a7&nbsp;2<\/p>\n\n\n\n<ol class=\"wp-block-list\">\n<li>Str\u00f3j codzienny ucznia stanowi:\n<ul class=\"wp-block-list\">\n<li>koszula jednolita w kolorze niebieskim, granatowym lub bia\u0142ym,<\/li>\n\n\n\n<li>d\u0142ugie jednolite spodnie granatowe lub czarne o klasycznym kroju,<\/li>\n\n\n\n<li>krawat w kolorze czarnym lub granatowym,<\/li>\n\n\n\n<li>marynarka w kolorze granatowym lub czarnym, jednolita, z naszytymi emblematami zgodnymi z typem szko\u0142y, do kt\u00f3rej ucze\u0144 ucz\u0119szcza.<\/li>\n<\/ul>\n<\/li>\n\n\n\n<li>Str\u00f3j codzienny uczennicy stanowi:\n<ul class=\"wp-block-list\">\n<li>koszula jednolita w kolorze niebieskim, granatowym lub bia\u0142ym,<\/li>\n\n\n\n<li>sp\u00f3dnica o klasycznym kroju w kolorze czarnym lub granatowym albo d\u0142ugie jednolite spodnie granatowe lub czarne o klasycznym kroju,<\/li>\n\n\n\n<li>krawat jednolity w kolorze czarnym lub granatowym,<\/li>\n\n\n\n<li>marynarka w kolorze granatowym lub czarnym, jednolita, z naszytymi emblematami zgodnymi z typem szko\u0142y, do kt\u00f3rej uczennica ucz\u0119szcza.<\/li>\n<\/ul>\n<\/li>\n<\/ol>\n\n\n\n<p>\u00a7&nbsp;3<\/p>\n\n\n\n<ol class=\"wp-block-list\">\n<li>Str\u00f3j codzienny letni ucznia stanowi:\n<ul class=\"wp-block-list\">\n<li>koszula jednolita w kolorze niebieskim, granatowym lub bia\u0142ym,<\/li>\n\n\n\n<li>d\u0142ugie jednolite spodnie granatowe lub czarne o klasycznym kroju,<\/li>\n\n\n\n<li>krawat w kolorze granatowym z wyhaftowanym emblematem szko\u0142y.<\/li>\n<\/ul>\n<\/li>\n\n\n\n<li>Str\u00f3j codzienny letni uczennicy stanowi:\n<ul class=\"wp-block-list\">\n<li>koszula jednolita w kolorze niebieskim, granatowym lub bia\u0142ym,<\/li>\n\n\n\n<li>sp\u00f3dnica o klasycznym kroju w kolorze czarnym lub granatowym albo d\u0142ugie jednolite spodnie granatowe lub czarne o klasycznym kroju,<\/li>\n\n\n\n<li>krawat w kolorze granatowym z wyhaftowanym emblematem szko\u0142y.<\/li>\n<\/ul>\n<\/li>\n<\/ol>\n\n\n\n<p>\u00a7&nbsp;4<\/p>\n\n\n\n<ol class=\"wp-block-list\">\n<li>Str\u00f3j galowy ucznia stanowi:\n<ul class=\"wp-block-list\">\n<li>koszula jednolita w kolorze bia\u0142ym,<\/li>\n\n\n\n<li>d\u0142ugie jednolite spodnie granatowe lub czarne o klasycznym kroju,<\/li>\n\n\n\n<li>krawat w kolorze czarnym lub granatowym,<\/li>\n\n\n\n<li>marynarka w kolorze granatowym lub czarnym, jednolita, z naszytymi emblematami zgodnymi z typem szko\u0142y, do kt\u00f3rej ucze\u0144 ucz\u0119szcza.<\/li>\n<\/ul>\n<\/li>\n\n\n\n<li>Str\u00f3j galowy uczennicy stanowi:\n<ul class=\"wp-block-list\">\n<li>koszula w kolorze bia\u0142ym;<\/li>\n\n\n\n<li>sp\u00f3dnica o klasycznym kroju w kolorze czarnym lub granatowym albo d\u0142ugie jednolite spodnie granatowe lub czarne o klasycznym kroju;<\/li>\n\n\n\n<li>krawat w kolorze czarnym lub granatowym;<\/li>\n\n\n\n<li>marynarka w kolorze granatowym lub czarnym, jednolita, z naszytymi emblematami zgodnymi z typem szko\u0142y, do kt\u00f3rej ucze\u0144 ucz\u0119szcza.<\/li>\n<\/ul>\n<\/li>\n<\/ol>\n\n\n\n<p>\u00a7 5<\/p>\n\n\n\n<ol class=\"wp-block-list\">\n<li>Str\u00f3j ucznia i uczennicy klas s\u0142u\u017cb mundurowych stanowi:\n<ul class=\"wp-block-list\">\n<li>czarny t-shirt z nadrukiem ?klasa mundurowa?,<\/li>\n\n\n\n<li>czarny polar,<\/li>\n\n\n\n<li>czarne spodnie bojowe,<\/li>\n\n\n\n<li>buty czarne typu wojskowego z cholewk\u0105 i protektorem (tak zwane taktyczne, desanty).<\/li>\n<\/ul>\n<\/li>\n\n\n\n<li>Wz\u00f3r stroju ucznia i uczennicy klas s\u0142u\u017cb mundurowych okre\u015bla za\u0142\u0105cznik nr 1 do niniejszego regulaminu.<\/li>\n<\/ol>\n\n\n\n<p>\u00a7&nbsp;6<\/p>\n\n\n\n<ol class=\"wp-block-list\">\n<li>Str\u00f3j ucznia i uczennicy oddzia\u0142\u00f3w przygotowania wojskowego stanowi:<\/li>\n\n\n\n<li>w dniach, w kt\u00f3rych realizowane s\u0105 zaj\u0119cia z przygotowania wojskowego oraz w dniach uroczysto\u015bci pa\u0144stwowych i szkolnych, ubi\u00f3r okre\u015blony we wzorze stworzonym przez Ministerstwo Obrony Narodowej dla uczni\u00f3w oddzia\u0142\u00f3w przygotowania wojskowego,<\/li>\n\n\n\n<li>w pozosta\u0142ych dniach str\u00f3j sk\u0142ada si\u0119 z nast\u0119puj\u0105cych element\u00f3w:\n<ul class=\"wp-block-list\">\n<li>koszulka czarna t-shirt z nadrukiem ?klasa wojskowa?;<\/li>\n\n\n\n<li>bluza i spodnie z munduru polowego WP wz. 2010;<\/li>\n\n\n\n<li>buty czarne typu wojskowego z cholewk\u0105 i protektorem (tak zwane taktyczne, desanty).<\/li>\n<\/ul>\n<\/li>\n\n\n\n<li>Wz\u00f3r ubioru ucznia i uczennicy oddzia\u0142\u00f3w przygotowania wojskowego okre\u015bla za\u0142\u0105cznik nr 2 do niniejszego regulaminu.<\/li>\n<\/ol>\n\n\n\n<p>\u00a7&nbsp;7<\/p>\n\n\n\n<ol class=\"wp-block-list\">\n<li>Str\u00f3j codzienny ucznia i uczennicy klas sportowych stanowi\u0105:\n<ul class=\"wp-block-list\">\n<li>koszulka adidas Entrada 22 Jersey granatowa albo bia\u0142a z logo szko\u0142y,<\/li>\n\n\n\n<li>spodnie adidas Entrada 22 Training czarne,<\/li>\n\n\n\n<li>bluza adidas Entrada 22 Track Jacket czarna.<\/li>\n<\/ul>\n<\/li>\n\n\n\n<li>Str\u00f3j galowy ucznia i uczennicy klas sportowych sk\u0142ada stanowi:\n<ul class=\"wp-block-list\">\n<li>koszula jednolita w kolorze bia\u0142ym,<\/li>\n\n\n\n<li>d\u0142ugie jednolite spodnie granatowe lub czarne o klasycznym kroju,<\/li>\n\n\n\n<li>krawat w kolorze granatowym z wyhaftowanym emblematem szko\u0142y.<\/li>\n<\/ul>\n<\/li>\n\n\n\n<li>Wz\u00f3r stroju ucznia i uczennicy klas sportowych okre\u015bla za\u0142\u0105cznik nr 3 do niniejszego regulaminu.<\/li>\n<\/ol>\n\n\n\n<p>\u00a7&nbsp;8<\/p>\n\n\n\n<ol class=\"wp-block-list\">\n<li>Nie dopuszcza si\u0119 stosowania:\n<ul class=\"wp-block-list\">\n<li>niepe\u0142nego ubioru ucznia;<\/li>\n\n\n\n<li>spodni jeansowych, spodni dresowych (z wyj\u0105tkiem uczni\u00f3w klas sportowych), zw\u0119\u017canych, z podwijanymi nogawkami, zako\u0144czonych \u015bci\u0105gaczami, jogger\u00f3w, leggins\u00f3w, przecieranych, z&nbsp;dziurami;<\/li>\n\n\n\n<li>stroju z dodatkowymi elementami graficznymi, naszywkami itp., kt\u00f3re nie s\u0105 okre\u015blone w niniejszym regulaminie.<\/li>\n<\/ul>\n<\/li>\n<\/ol>\n\n\n\n<p>\u00a7&nbsp;9<\/p>\n\n\n\n<ol class=\"wp-block-list\">\n<li>Uczniowie s\u0105 zobowi\u0105zani do przestrzegania zapis\u00f3w niniejszego regulaminu.<\/li>\n\n\n\n<li>W przypadku niestosowania si\u0119 przez ucznia do zasad niniejszego regulaminu nauczyciel prowadz\u0105cy zaj\u0119cia dydaktyczne odnotowuje ten fakt przez umieszczenie w dzienniku adnotacji ?bm? w miejscu wpisu frekwencji na lekcji.<\/li>\n\n\n\n<li>Dyrektor zespo\u0142u w porozumieniu z Samorz\u0105dem Uczniowskim ustala wykaz dni kolorowych w poszczeg\u00f3lnych miesi\u0105cach roku szkolnego. W dniach tych nie obowi\u0105zuj\u0105 zapisy dotycz\u0105ce jednolitego stroju ucznia.<\/li>\n\n\n\n<li>Elementy ubioru ucznia nie mog\u0105 zawiera\u0107 tre\u015bci obra\u017aliwych i wulgarnych.<\/li>\n\n\n\n<li>Str\u00f3j ucznia zespo\u0142u oraz realizacja zapis\u00f3w wynikaj\u0105cych z niniejszego regulaminu podlega sta\u0142ej kontroli.<\/li>\n\n\n\n<li>Ucze\u0144 zobowi\u0105zany do utrzymania swojego stroju w czysto\u015bci.<\/li>\n<\/ol>\n\n\n\n<p>W zale\u017cno\u015bci od potrzeb i okoliczno\u015bci zasady stosowania jednolitego stroju mog\u0105 zosta\u0107 zmienione decyzj\u0105 Dyrektora szko\u0142y.<\/p>\n\n\n\n<div class=\"wp-block-file\"><a id=\"wp-block-file--media-ac96d22f-c1e1-4060-a780-83f4f73fbbe4\" href=\"https:\/\/zstmalbork.pl\/wordpress\/wp-content\/uploads\/2023\/11\/Regulamin-mundurowy-Zespolu-Szkol-Technicznych-w-Malborku-od-roku-szkolnego-2023-2024.pdf\">Regulamin-mundurowy-Zespolu-Szkol-Technicznych-w-Malborku-od-roku-szkolnego-2023-2024<\/a><a href=\"https:\/\/zstmalbork.pl\/wordpress\/wp-content\/uploads\/2023\/11\/Regulamin-mundurowy-Zespolu-Szkol-Technicznych-w-Malborku-od-roku-szkolnego-2023-2024.pdf\" class=\"wp-block-file__button wp-element-button\" download aria-describedby=\"wp-block-file--media-ac96d22f-c1e1-4060-a780-83f4f73fbbe4\">Pobierz<\/a><\/div>\n\n\n\n<div class=\"wp-block-file\"><a id=\"wp-block-file--media-125eeb32-3750-4b19-bf55-5f46c2e4b162\" href=\"https:\/\/zstmalbork.pl\/wordpress\/wp-content\/uploads\/2023\/11\/Zalacznik-1-klasy-sluzb-mundurowych.pdf\">Zalacznik-1-klasy-sluzb-mundurowych<\/a><a href=\"https:\/\/zstmalbork.pl\/wordpress\/wp-content\/uploads\/2023\/11\/Zalacznik-1-klasy-sluzb-mundurowych.pdf\" class=\"wp-block-file__button wp-element-button\" download aria-describedby=\"wp-block-file--media-125eeb32-3750-4b19-bf55-5f46c2e4b162\">Pobierz<\/a><\/div>\n\n\n\n<div class=\"wp-block-file\"><a id=\"wp-block-file--media-bf2568c7-8697-4694-97c9-8ef433ab6913\" href=\"https:\/\/zstmalbork.pl\/wordpress\/wp-content\/uploads\/2023\/11\/Zalacznik-2-klasy-opw-wojskowe.pdf\">Zalacznik-2-klasy-opw-wojskowe<\/a><a href=\"https:\/\/zstmalbork.pl\/wordpress\/wp-content\/uploads\/2023\/11\/Zalacznik-2-klasy-opw-wojskowe.pdf\" class=\"wp-block-file__button wp-element-button\" download aria-describedby=\"wp-block-file--media-bf2568c7-8697-4694-97c9-8ef433ab6913\">Pobierz<\/a><\/div>\n\n\n\n<div class=\"wp-block-file\"><a id=\"wp-block-file--media-a09db124-083e-49bf-84db-62c7c4d9c20d\" href=\"https:\/\/zstmalbork.pl\/wordpress\/wp-content\/uploads\/2023\/11\/Zalacznik-3-klasy-sportowe.pdf\">Zalacznik-3-klasy-sportowe<\/a><a href=\"https:\/\/zstmalbork.pl\/wordpress\/wp-content\/uploads\/2023\/11\/Zalacznik-3-klasy-sportowe.pdf\" class=\"wp-block-file__button wp-element-button\" download aria-describedby=\"wp-block-file--media-a09db124-083e-49bf-84db-62c7c4d9c20d\">Pobierz<\/a><\/div>\n","protected":false},"excerpt":{"rendered":"<p>(wraz z za\u0142\u0105cznikami) \u00a7&nbsp;1 \u00a7&nbsp;2 \u00a7&nbsp;3 \u00a7&nbsp;4 \u00a7 5 \u00a7&nbsp;6 \u00a7&nbsp;7 \u00a7&nbsp;8 \u00a7&nbsp;9 W zale\u017cno\u015bci od potrzeb i<\/p>\n","protected":false},"author":1,"featured_media":0,"parent":165,"menu_order":1,"comment_status":"closed","ping_status":"closed","template":"","meta":{"footnotes":""},"class_list":["post-240","page","type-page","status-publish","hentry"],"_links":{"self":[{"href":"https:\/\/zstmalbork.pl\/wordpress\/wp-json\/wp\/v2\/pages\/240","targetHints":{"allow":["GET"]}}],"collection":[{"href":"https:\/\/zstmalbork.pl\/wordpress\/wp-json\/wp\/v2\/pages"}],"about":[{"href":"https:\/\/zstmalbork.pl\/wordpress\/wp-json\/wp\/v2\/types\/page"}],"author":[{"embeddable":true,"href":"https:\/\/zstmalbork.pl\/wordpress\/wp-json\/wp\/v2\/users\/1"}],"replies":[{"embeddable":true,"href":"https:\/\/zstmalbork.pl\/wordpress\/wp-json\/wp\/v2\/comments?post=240"}],"version-history":[{"count":18,"href":"https:\/\/zstmalbork.pl\/wordpress\/wp-json\/wp\/v2\/pages\/240\/revisions"}],"predecessor-version":[{"id":6264,"href":"https:\/\/zstmalbork.pl\/wordpress\/wp-json\/wp\/v2\/pages\/240\/revisions\/6264"}],"up":[{"embeddable":true,"href":"https:\/\/zstmalbork.pl\/wordpress\/wp-json\/wp\/v2\/pages\/165"}],"wp:attachment":[{"href":"https:\/\/zstmalbork.pl\/wordpress\/wp-json\/wp\/v2\/media?parent=240"}],"curies":[{"name":"wp","href":"https:\/\/api.w.org\/{rel}","templated":true}]}}